{"id":889602,"date":"2022-02-21T16:07:40","date_gmt":"2022-02-21T16:07:40","guid":{"rendered":"https:\/\/www.makoiertektar.hu\/?page_id=889602"},"modified":"2022-03-29T09:35:46","modified_gmt":"2022-03-29T08:35:46","slug":"telepulesi-ertektar","status":"publish","type":"page","link":"https:\/\/www.makoiertektar.hu\/?page_id=889602","title":{"rendered":"Telep\u00fcl\u00e9si \u00e9rt\u00e9kt\u00e1r"},"content":{"rendered":"\n<p><\/p>\n\n\n\n<p><\/p>\n\n\n\n<p class=\"has-text-align-center oldalcim has-large-font-size\"><strong>Telep\u00fcl\u00e9si \u00e9rt\u00e9kt\u00e1r<\/strong><\/p>\n\n\n\n<p>Mak\u00f3n a nemzeti \u00e9rt\u00e9kekr\u0151l \u00e9s a hungarikumokr\u00f3l sz\u00f3l\u00f3 t\u00f6rv\u00e9ny adta lehet\u0151s\u00e9ggel \u00e9lve telep\u00fcl\u00e9si \u00e9rt\u00e9kt\u00e1r m\u0171k\u00f6dik. Ebbe azok a mak\u00f3i \u00f6nkorm\u00e1nyzat ter\u00fclet\u00e9n f\u00f6llehet\u0151 \u00e9rt\u00e9kek ker\u00fclhetnek be, melyekre a mak\u00f3i emberek b\u00fcszk\u00e9k lehetnek, melyekr\u0151l azt gondoljuk, er\u0151s\u00edtik a v\u00e1rosunk ir\u00e1nti ragaszkod\u00e1st, \u00f6regb\u00edtik v\u00e1rosunk j\u00f3 h\u00edrnev\u00e9t. <\/p>\n\n\n\n<p>Az \u00e9rt\u00e9kt\u00e1rba val\u00f3 f\u00f6lv\u00e9telre a k\u00f6vetkez\u0151 kateg\u00f3ri\u00e1kba b\u00e1rki javaslatot tehet:<br>\u2013 <strong>agr\u00e1r- \u00e9s \u00e9lelmiszergazdas\u00e1g<\/strong>: az agr\u00e1rium szellemi term\u00e9kei \u00e9s t\u00e1rgyi javai \u2013 bele\u00e9rtve az erd\u00e9szet, hal\u00e1szat, vad\u00e1szat \u00e9s \u00e1llateg\u00e9szs\u00e9g\u00fcgy ter\u00fclet\u00e9t \u2013, k\u00fcl\u00f6n\u00f6sen a mez\u0151gazdas\u00e1gi term\u00e9kek \u00e9s az \u00e9lelmiszerek, a bor\u00e1szat, tov\u00e1bb\u00e1 az \u00e1llat- \u00e9s n\u00f6v\u00e9nyfajt\u00e1k;<br>\u2013 <strong>eg\u00e9szs\u00e9g \u00e9s \u00e9letm\u00f3d<\/strong>:a tudom\u00e1nyos \u00e9s n\u00e9pi megel\u0151z\u00e9s \u00e9s gy\u00f3gy\u00e1szat, term\u00e9szetgy\u00f3gy\u00e1szat szellemi term\u00e9kei \u00e9s t\u00e1rgyi javai, k\u00fcl\u00f6n\u00f6sen a gy\u00f3gyszerek, gy\u00f3gyn\u00f6v\u00e9nyek, gy\u00f3gyhat\u00e1s\u00fa k\u00e9sz\u00edtm\u00e9nyek, gy\u00f3gyv\u00edz- \u00e9s f\u00fcrd\u0151kult\u00fara;<br>\u2013 <strong>\u00e9p\u00edtett k\u00f6rnyezet:<\/strong> a k\u00f6rnyezet tudatos \u00e9p\u00edt\u00e9si munka eredm\u00e9nyek\u00e9nt l\u00e9trehozott, illetve elhat\u00e1rolt \u00e9p\u00edtett (mesters\u00e9ges) r\u00e9sze, amely els\u0151dlegesen az egy\u00e9ni \u00e9s k\u00f6z\u00f6ss\u00e9gi l\u00e9t felt\u00e9teleinek megteremt\u00e9s\u00e9t szolg\u00e1lja; valamint az embert k\u00f6r\u00fclvev\u0151 k\u00f6rnyezet fenntart\u00e1s\u00e1hoz kapcsol\u00f3d\u00f3 szellemi term\u00e9kek;<br>\u2013 <strong>ipari \u00e9s m\u0171szaki megold\u00e1sok:<\/strong> az ipari termel\u00e9s \u2013 bele\u00e9rtve a k\u00e9zm\u0171ipart, k\u00e9zm\u0171vess\u00e9get is \u2013 szellemi term\u00e9kei \u00e9s t\u00e1rgyi javai, k\u00fcl\u00f6n\u00f6sen az egyes technol\u00f3gi\u00e1k, technik\u00e1k, berendez\u00e9s-, g\u00e9p- \u00e9s m\u0171szergy\u00e1rt\u00e1s, m\u0171szaki eszk\u00f6z\u00f6kkel v\u00e9gzett szem\u00e9ly- \u00e9s \u00e1rusz\u00e1ll\u00edt\u00e1s;<br>\u2013 <strong>kultur\u00e1lis \u00f6r\u00f6ks\u00e9g:<\/strong> a kultur\u00e1lis \u00f6r\u00f6ks\u00e9g szellemi \u00e9s t\u00e1rgyi javai, k\u00fcl\u00f6n\u00f6sen az irodalom, a tudom\u00e1ny, a n\u00e9pm\u0171v\u00e9szet \u00e9s n\u00e9pi k\u00e9zm\u0171vess\u00e9g, n\u00e9prajz, filmm\u0171v\u00e9szet, iparm\u0171v\u00e9szet, k\u00e9pz\u0151m\u0171v\u00e9szet, t\u00e1ncm\u0171v\u00e9szet \u00e9s zenem\u0171v\u00e9szet; tov\u00e1bb\u00e1 a v\u00e9dett ingatlan \u00e9rt\u00e9kei, k\u00fcl\u00f6n\u00f6sen a nemzeti vagyon k\u00f6r\u00e9be tartoz\u00f3, kiemelked\u0151 \u00e9rt\u00e9k\u0171 m\u0171eml\u00e9kek \u00e9s r\u00e9g\u00e9szeti lel\u0151helyek, nemzeti \u00e9s t\u00f6rt\u00e9nelmi eml\u00e9khelyek, vil\u00e1g\u00f6r\u00f6ks\u00e9gi helysz\u00ednek;<br>\u2013 <strong>sport<\/strong>: a fizikai er\u0151nl\u00e9t \u00e9s a szellemi teljes\u00edt\u0151k\u00e9pess\u00e9g megtart\u00e1s\u00e1t, fejleszt\u00e9s\u00e9t szolg\u00e1l\u00f3, a szabadid\u0151 elt\u00f6lt\u00e9sek\u00e9nt k\u00f6tetlen\u00fcl vagy szervezett form\u00e1ban, illetve versenyszer\u0171en v\u00e9gzett testedz\u00e9s vagy szellemi sport\u00e1gban kifejtett tev\u00e9kenys\u00e9g, k\u00fcl\u00f6n\u00f6sen a sportol\u00f3i \u00e9letm\u0171vek \u00e9s cs\u00facsteljes\u00edtm\u00e9nyek;<br>\u2013 <strong>term\u00e9szeti k\u00f6rnyezet:<\/strong> az ember term\u00e9szetes k\u00f6rnyezet\u00e9nek t\u00e1rgyi javai, k\u00fcl\u00f6n\u00f6sen a fizikai \u00e9s biol\u00f3giai k\u00e9pz\u0151dm\u00e9nyek vagy k\u00e9pz\u0151dm\u00e9nycsoportok, geol\u00f3giai \u00e9s geomorfol\u00f3giai k\u00e9pz\u0151dm\u00e9nyek, term\u00e9szeti t\u00e1jak, term\u00e9szeti ter\u00fcletek, \u00e9letk\u00f6z\u00f6ss\u00e9gek \u00e9s \u00f6kol\u00f3giai rendszerek; valamint az embert k\u00f6r\u00fclvev\u0151 k\u00f6rnyezet fenntart\u00e1s\u00e1hoz kapcsol\u00f3d\u00f3 szellemi term\u00e9kek;<br>\u2013 <strong>turizmus \u00e9s vend\u00e9gl\u00e1t\u00e1s:<\/strong> a turizmus \u00e9s a vend\u00e9gl\u00e1t\u00e1s szellemi term\u00e9kei \u00e9s t\u00e1rgyi javai, k\u00fcl\u00f6n\u00f6sen a turisztikai attrakci\u00f3k, szolg\u00e1ltat\u00e1sok, a vend\u00e9gl\u00e1t\u00f3-ipari term\u00e9kek, valamint a vend\u00e9gl\u00e1t\u00e1s k\u00f6r\u00e9be tartoz\u00f3 \u00e9tel- \u00e9s italk\u00e9sz\u00edt\u00e9si elj\u00e1r\u00e1sok.<\/p>\n","protected":false},"excerpt":{"rendered":"<p>Telep\u00fcl\u00e9si \u00e9rt\u00e9kt\u00e1r Mak\u00f3n a nemzeti \u00e9rt\u00e9kekr\u0151l \u00e9s a hungarikumokr\u00f3l sz\u00f3l\u00f3 t\u00f6rv\u00e9ny adta lehet\u0151s\u00e9ggel \u00e9lve telep\u00fcl\u00e9si \u00e9rt\u00e9kt\u00e1r m\u0171k\u00f6dik. Ebbe azok a mak\u00f3i \u00f6nkorm\u00e1nyzat ter\u00fclet\u00e9n f\u00f6llehet\u0151 \u00e9rt\u00e9kek ker\u00fclhetnek be, melyekre a mak\u00f3i emberek b\u00fcszk\u00e9k lehetnek, melyekr\u0151l azt gondoljuk, er\u0151s\u00edtik a v\u00e1rosunk ir\u00e1nti ragaszkod\u00e1st, \u00f6regb\u00edtik v\u00e1rosunk j\u00f3 h\u00edrnev\u00e9t. Az \u00e9rt\u00e9kt\u00e1rba val\u00f3 f\u00f6lv\u00e9telre a k\u00f6vetkez\u0151 kateg\u00f3ri\u00e1kba b\u00e1rki javaslatot tehet:\u2013 [&#8230;]<\/p>\n<p><a class=\"btn btn-secondary understrap-read-more-link\" href=\"https:\/\/www.makoiertektar.hu\/?page_id=889602\">R\u00e9szletek<\/a><\/p>\n","protected":false},"author":1,"featured_media":0,"parent":0,"menu_order":0,"comment_status":"closed","ping_status":"closed","template":"page-templates\/fullwidthpage-noside.php","meta":{"ngg_post_thumbnail":0},"_links":{"self":[{"href":"https:\/\/www.makoiertektar.hu\/index.php?rest_route=\/wp\/v2\/pages\/889602"}],"collection":[{"href":"https:\/\/www.makoiertektar.hu\/index.php?rest_route=\/wp\/v2\/pages"}],"about":[{"href":"https:\/\/www.makoiertektar.hu\/index.php?rest_route=\/wp\/v2\/types\/page"}],"author":[{"embeddable":true,"href":"https:\/\/www.makoiertektar.hu\/index.php?rest_route=\/wp\/v2\/users\/1"}],"replies":[{"embeddable":true,"href":"https:\/\/www.makoiertektar.hu\/index.php?rest_route=%2Fwp%2Fv2%2Fcomments&post=889602"}],"version-history":[{"count":8,"href":"https:\/\/www.makoiertektar.hu\/index.php?rest_route=\/wp\/v2\/pages\/889602\/revisions"}],"predecessor-version":[{"id":895576,"href":"https:\/\/www.makoiertektar.hu\/index.php?rest_route=\/wp\/v2\/pages\/889602\/revisions\/895576"}],"wp:attachment":[{"href":"https:\/\/www.makoiertektar.hu\/index.php?rest_route=%2Fwp%2Fv2%2Fmedia&parent=889602"}],"curies":[{"name":"wp","href":"https:\/\/api.w.org\/{rel}","templated":true}]}}

Települési értéktár

<p></p>



<p></p>



<p class="has-text-align-center oldalcim has-large-font-size"><strong>Települési értéktár</strong></p>



<p>Makón a nemzeti értékekről és a hungarikumokról szóló törvény adta lehetőséggel élve települési értéktár működik. Ebbe azok a makói önkormányzat területén föllehető értékek kerülhetnek be, melyekre a makói emberek büszkék lehetnek, melyekről azt gondoljuk, erősítik a városunk iránti ragaszkodást, öregbítik városunk jó hírnevét. </p>



<p>Az értéktárba való fölvételre a következő kategóriákba bárki javaslatot tehet:<br>– <strong>agrár- és élelmiszergazdaság</strong>: az agrárium szellemi termékei és tárgyi javai – beleértve az erdészet, halászat, vadászat és állategészségügy területét –, különösen a mezőgazdasági termékek és az élelmiszerek, a borászat, továbbá az állat- és növényfajták;<br>– <strong>egészség és életmód</strong>:a tudományos és népi megelőzés és gyógyászat, természetgyógyászat szellemi termékei és tárgyi javai, különösen a gyógyszerek, gyógynövények, gyógyhatású készítmények, gyógyvíz- és fürdőkultúra;<br>– <strong>épített környezet:</strong> a környezet tudatos építési munka eredményeként létrehozott, illetve elhatárolt épített (mesterséges) része, amely elsődlegesen az egyéni és közösségi lét feltételeinek megteremtését szolgálja; valamint az embert körülvevő környezet fenntartásához kapcsolódó szellemi termékek;<br>– <strong>ipari és műszaki megoldások:</strong> az ipari termelés – beleértve a kézműipart, kézművességet is – szellemi termékei és tárgyi javai, különösen az egyes technológiák, technikák, berendezés-, gép- és műszergyártás, műszaki eszközökkel végzett személy- és áruszállítás;<br>– <strong>kulturális örökség:</strong> a kulturális örökség szellemi és tárgyi javai, különösen az irodalom, a tudomány, a népművészet és népi kézművesség, néprajz, filmművészet, iparművészet, képzőművészet, táncművészet és zeneművészet; továbbá a védett ingatlan értékei, különösen a nemzeti vagyon körébe tartozó, kiemelkedő értékű műemlékek és régészeti lelőhelyek, nemzeti és történelmi emlékhelyek, világörökségi helyszínek;<br>– <strong>sport</strong>: a fizikai erőnlét és a szellemi teljesítőképesség megtartását, fejlesztését szolgáló, a szabadidő eltöltéseként kötetlenül vagy szervezett formában, illetve versenyszerűen végzett testedzés vagy szellemi sportágban kifejtett tevékenység, különösen a sportolói életművek és csúcsteljesítmények;<br>– <strong>természeti környezet:</strong> az ember természetes környezetének tárgyi javai, különösen a fizikai és biológiai képződmények vagy képződménycsoportok, geológiai és geomorfológiai képződmények, természeti tájak, természeti területek, életközösségek és ökológiai rendszerek; valamint az embert körülvevő környezet fenntartásához kapcsolódó szellemi termékek;<br>– <strong>turizmus és vendéglátás:</strong> a turizmus és a vendéglátás szellemi termékei és tárgyi javai, különösen a turisztikai attrakciók, szolgáltatások, a vendéglátó-ipari termékek, valamint a vendéglátás körébe tartozó étel- és italkészítési eljárások.</p>

<p>Települési értéktár Makón a nemzeti értékekről és a hungarikumokról szóló törvény adta lehetőséggel élve települési értéktár működik. Ebbe azok a makói önkormányzat területén föllehető értékek kerülhetnek be, melyekre a makói emberek büszkék lehetnek, melyekről azt gondoljuk, erősítik a városunk iránti ragaszkodást, öregbítik városunk jó hírnevét. Az értéktárba való fölvételre a következő kategóriákba bárki javaslatot tehet:– [&#8230;]</p>
<p><a class="btn btn-secondary understrap-read-more-link" href="https://www.makoiertektar.hu/?page_id=889602">Részletek</a></p>
