{"id":889575,"date":"2022-02-21T15:39:04","date_gmt":"2022-02-21T15:39:04","guid":{"rendered":"https:\/\/www.makoiertektar.hu\/?page_id=889575"},"modified":"2022-03-25T11:50:27","modified_gmt":"2022-03-25T10:50:27","slug":"tagjai","status":"publish","type":"page","link":"https:\/\/www.makoiertektar.hu\/?page_id=889575","title":{"rendered":"Tagjai"},"content":{"rendered":"\n<p><\/p>\n\n\n\n<p class=\"has-text-align-center oldalcim has-large-font-size\"><strong>Tagjai<\/strong><\/p>\n\n\n\n<p>A Bizotts\u00e1g eln\u00f6ke: Szikszai Zsuzsanna<\/p>\n\n\n\n<p>Az \u00c9rt\u00e9kt\u00e1r Bizotts\u00e1g tagjai: Gilinger Katalin, Karsai Ildik\u00f3, M\u00e1t\u00f3 Erzs\u00e9bet, Szil\u00e1gyi S\u00e1ndorn\u00e9<\/p>\n\n\n\n<p class=\"kozepre-igazit\">Tan\u00e1csad\u00f3 tagok: B\u00f6rcs\u00f6k Attila, Csengerin\u00e9 Szab\u00f3 \u00c9va, Forg\u00f3 G\u00e9za, Hal\u00e1sz Tam\u00e1s, Jo\u00f3 Zolt\u00e1nn\u00e9, Nagy G\u00e1bor, Puszta J\u00e1nos, Rozsnyai \u00c9va, Szekeres Ferencn\u00e9, Tam\u00e1sy Alad\u00e1r, Zeitler \u00c1d\u00e1m<\/p>\n\n\n\n<figure class=\"wp-block-gallery columns-1 is-cropped\"><ul class=\"blocks-gallery-grid\"><li class=\"blocks-gallery-item\"><figure><img loading=\"lazy\" width=\"1024\" height=\"683\" src=\"https:\/\/www.makoiertektar.hu\/wp-content\/uploads\/2022\/02\/84348395_113109143584602_8253276415181455360_n-1-1024x683.jpg\" alt=\"\" data-id=\"889543\" data-full-url=\"https:\/\/www.makoiertektar.hu\/wp-content\/uploads\/2022\/02\/84348395_113109143584602_8253276415181455360_n-1.jpg\" data-link=\"https:\/\/www.makoiertektar.hu\/?attachment_id=889543\" class=\"wp-image-889543\" srcset=\"https:\/\/www.makoiertektar.hu\/wp-content\/uploads\/2022\/02\/84348395_113109143584602_8253276415181455360_n-1-1024x683.jpg 1024w, https:\/\/www.makoiertektar.hu\/wp-content\/uploads\/2022\/02\/84348395_113109143584602_8253276415181455360_n-1-300x200.jpg 300w, https:\/\/www.makoiertektar.hu\/wp-content\/uploads\/2022\/02\/84348395_113109143584602_8253276415181455360_n-1-768x512.jpg 768w, https:\/\/www.makoiertektar.hu\/wp-content\/uploads\/2022\/02\/84348395_113109143584602_8253276415181455360_n-1-1536x1024.jpg 1536w, https:\/\/www.makoiertektar.hu\/wp-content\/uploads\/2022\/02\/84348395_113109143584602_8253276415181455360_n-1.jpg 2048w\" sizes=\"(max-width: 1024px) 100vw, 1024px\" \/><\/figure><\/li><\/ul><\/figure>\n\n\n\n<p><\/p>\n","protected":false},"excerpt":{"rendered":"<p>Tagjai A Bizotts\u00e1g eln\u00f6ke: Szikszai Zsuzsanna Az \u00c9rt\u00e9kt\u00e1r Bizotts\u00e1g tagjai: Gilinger Katalin, Karsai Ildik\u00f3, M\u00e1t\u00f3 Erzs\u00e9bet, Szil\u00e1gyi S\u00e1ndorn\u00e9 Tan\u00e1csad\u00f3 tagok: B\u00f6rcs\u00f6k Attila, Csengerin\u00e9 Szab\u00f3 \u00c9va, Forg\u00f3 G\u00e9za, Hal\u00e1sz Tam\u00e1s, Jo\u00f3 Zolt\u00e1nn\u00e9, Nagy G\u00e1bor, Puszta J\u00e1nos, Rozsnyai \u00c9va, Szekeres Ferencn\u00e9, Tam\u00e1sy Alad\u00e1r, Zeitler \u00c1d\u00e1m [&#8230;]<\/p>\n<p><a class=\"btn btn-secondary understrap-read-more-link\" href=\"https:\/\/www.makoiertektar.hu\/?page_id=889575\">R\u00e9szletek<\/a><\/p>\n","protected":false},"author":1,"featured_media":0,"parent":0,"menu_order":0,"comment_status":"closed","ping_status":"closed","template":"page-templates\/fullwidthpage-noside.php","meta":{"ngg_post_thumbnail":0},"_links":{"self":[{"href":"https:\/\/www.makoiertektar.hu\/index.php?rest_route=\/wp\/v2\/pages\/889575"}],"collection":[{"href":"https:\/\/www.makoiertektar.hu\/index.php?rest_route=\/wp\/v2\/pages"}],"about":[{"href":"https:\/\/www.makoiertektar.hu\/index.php?rest_route=\/wp\/v2\/types\/page"}],"author":[{"embeddable":true,"href":"https:\/\/www.makoiertektar.hu\/index.php?rest_route=\/wp\/v2\/users\/1"}],"replies":[{"embeddable":true,"href":"https:\/\/www.makoiertektar.hu\/index.php?rest_route=%2Fwp%2Fv2%2Fcomments&post=889575"}],"version-history":[{"count":12,"href":"https:\/\/www.makoiertektar.hu\/index.php?rest_route=\/wp\/v2\/pages\/889575\/revisions"}],"predecessor-version":[{"id":894982,"href":"https:\/\/www.makoiertektar.hu\/index.php?rest_route=\/wp\/v2\/pages\/889575\/revisions\/894982"}],"wp:attachment":[{"href":"https:\/\/www.makoiertektar.hu\/index.php?rest_route=%2Fwp%2Fv2%2Fmedia&parent=889575"}],"curies":[{"name":"wp","href":"https:\/\/api.w.org\/{rel}","templated":true}]}}

<p></p>



<p class="has-text-align-center oldalcim has-large-font-size"><strong>Tagjai</strong></p>



<p>A Bizottság elnöke: Szikszai Zsuzsanna</p>



<p>Az Értéktár Bizottság tagjai: Gilinger Katalin, Karsai Ildikó, Mátó Erzsébet, Szilágyi Sándorné</p>



<p class="kozepre-igazit">Tanácsadó tagok: Börcsök Attila, Csengeriné Szabó Éva, Forgó Géza, Halász Tamás, Joó Zoltánné, Nagy Gábor, Puszta János, Rozsnyai Éva, Szekeres Ferencné, Tamásy Aladár, Zeitler Ádám</p>



<figure class="wp-block-gallery columns-1 is-cropped"><ul class="blocks-gallery-grid"><li class="blocks-gallery-item"><figure><img loading="lazy" width="1024" height="683" src="https://www.makoiertektar.hu/wp-content/uploads/2022/02/84348395_113109143584602_8253276415181455360_n-1-1024x683.jpg" alt="" data-id="889543" data-full-url="https://www.makoiertektar.hu/wp-content/uploads/2022/02/84348395_113109143584602_8253276415181455360_n-1.jpg" data-link="https://www.makoiertektar.hu/?attachment_id=889543" class="wp-image-889543" srcset="https://www.makoiertektar.hu/wp-content/uploads/2022/02/84348395_113109143584602_8253276415181455360_n-1-1024x683.jpg 1024w, https://www.makoiertektar.hu/wp-content/uploads/2022/02/84348395_113109143584602_8253276415181455360_n-1-300x200.jpg 300w, https://www.makoiertektar.hu/wp-content/uploads/2022/02/84348395_113109143584602_8253276415181455360_n-1-768x512.jpg 768w, https://www.makoiertektar.hu/wp-content/uploads/2022/02/84348395_113109143584602_8253276415181455360_n-1-1536x1024.jpg 1536w, https://www.makoiertektar.hu/wp-content/uploads/2022/02/84348395_113109143584602_8253276415181455360_n-1.jpg 2048w" sizes="(max-width: 1024px) 100vw, 1024px" /></figure></li></ul></figure>



<p></p>

<p>Tagjai A Bizottság elnöke: Szikszai Zsuzsanna Az Értéktár Bizottság tagjai: Gilinger Katalin, Karsai Ildikó, Mátó Erzsébet, Szilágyi Sándorné Tanácsadó tagok: Börcsök Attila, Csengeriné Szabó Éva, Forgó Géza, Halász Tamás, Joó Zoltánné, Nagy Gábor, Puszta János, Rozsnyai Éva, Szekeres Ferencné, Tamásy Aladár, Zeitler Ádám [&#8230;]</p>
<p><a class="btn btn-secondary understrap-read-more-link" href="https://www.makoiertektar.hu/?page_id=889575">Részletek</a></p>
