{"id":888988,"date":"2022-01-05T21:04:50","date_gmt":"2022-01-05T21:04:50","guid":{"rendered":"https:\/\/www.makoiertektar.hu\/?page_id=888988"},"modified":"2022-06-07T17:04:05","modified_gmt":"2022-06-07T16:04:05","slug":"mako-ertekei","status":"publish","type":"page","link":"https:\/\/www.makoiertektar.hu\/","title":{"rendered":"F\u0151 oldal"},"content":{"rendered":"<form role=\"search\" method=\"get\" action=\"https:\/\/www.makoiertektar.hu\/\" class=\"wp-block-search__button-inside wp-block-search__icon-button alignright fo_kereso wp-block-search\"><div class=\"wp-block-search__inside-wrapper\"><input type=\"search\" id=\"wp-block-search__input-1\" class=\"wp-block-search__input\" name=\"s\" value=\"\" placeholder=\"\u00c9rt\u00e9ket keresek...\"  required \/><button type=\"submit\" class=\"wp-block-search__button has-icon\"><svg id=\"search-icon\" class=\"search-icon\" viewBox=\"0 0 24 24\" width=\"24\" height=\"24\">\n\t\t\t        <path d=\"M13.5 6C10.5 6 8 8.5 8 11.5c0 1.1.3 2.1.9 3l-3.4 3 1 1.1 3.4-2.9c1 .9 2.2 1.4 3.6 1.4 3 0 5.5-2.5 5.5-5.5C19 8.5 16.5 6 13.5 6zm0 9.5c-2.2 0-4-1.8-4-4s1.8-4 4-4 4 1.8 4 4-1.8 4-4 4z\"><\/path>\n\t\t\t    <\/svg><\/button><\/div><\/form>\n\n\n<hr class=\"wp-block-separator\"\/>\n\n\n\n<p>B\u00d6NG\u00c9SZ\u00c9S&nbsp;A <small>KATEG\u00d3RI\u00c1K <\/small>K\u00d6Z\u00d6TT<\/p>\n\n\n\n<hr class=\"wp-block-separator\"\/>\n\n\n\n<div class=\"wp-block-image fo_kepek\" style=\" display: flex;\n  flex-flow: row wrap;\">\n\n<a href=\"\/?cat=33\">\n<figure class=\"aligncenter fo_kiskep size-full\">\n     <img src=\"https:\/\/www.makoiertektar.hu\/wp-content\/uploads\/2022\/04\/agrar.jpeg\" alt=\"\" class=\"wp-image-895598\">\n   <figcaption style=\"display:block; text-align:center\">Agr\u00e1r-\u00e9s \u00c9lelmiszergazdas\u00e1g<\/figcaption>\n<\/figure>\n<\/a>\n\n<a href=\"\/?cat=35\">\n<figure class=\"aligncenter fo_kiskep size-full\">\n   <img src=\"https:\/\/www.makoiertektar.hu\/wp-content\/uploads\/2022\/04\/427ac519-fbb1-4ece-98cf-96c7a09e6e51.jpeg\" alt=\"\" class=\"wp-image-895599\">\n  <figcaption style=\"display:block; text-align:center\">Eg\u00e9szs\u00e9g \u00e9s \u00e9letm\u00f3d<\/figcaption>\n<\/figure>\n<\/a>\n\n<a href=\"\/?cat=37\">\n<figure class=\"wp-block-image fo_kiskep size-full\">\n<img src=\"https:\/\/www.makoiertektar.hu\/wp-content\/uploads\/2022\/04\/a6523d2b-87a7-434e-8315-4327713388d9.jpeg\" alt=\"\" class=\"wp-image-895607\">\n  <figcaption style=\"display:block; text-align:center\">\u00c9p\u00edtett k\u00f6rnyezet<\/figcaption>\n<\/figure> \n<\/a>\n<a href=\"\/?cat=39\">\n<figure class=\"wp-block-image fo_kiskep size-full\"><img src=\"https:\/\/www.makoiertektar.hu\/wp-content\/uploads\/2022\/04\/bd0e99ee-6d69-4781-be97-fca9f0ef6013.jpeg\" alt=\"\" class=\"wp-image-895612\">\n  <figcaption style=\"display:block; text-align:center\">Ipari \u00e9s m\u0171szaki megold\u00e1sok<\/figcaption>\n<\/figure>\n<\/a>\n\n<a href=\"\/?cat=41\">\n<figure class=\"wp-block-image fo_kiskep size-full\"><img src=\"https:\/\/www.makoiertektar.hu\/wp-content\/uploads\/2022\/04\/32caa14b-0d81-4e56-b30f-4b8127f8a4cd.jpeg\" alt=\"\" class=\"wp-image-895612\">\n  <figcaption style=\"display:block; text-align:center\">Kultur\u00e1lis \u00f6r\u00f6ks\u00e9g<\/figcaption>\n<\/figure>\n<\/a>\n<a href=\"\/?cat=43\">\n<figure class=\"wp-block-image fo_kiskep size-full\"><img src=\"https:\/\/www.makoiertektar.hu\/wp-content\/uploads\/2022\/04\/3e69cad5-6cb0-4c1b-bdc5-34ee865352f2.jpeg\" alt=\"\" class=\"wp-image-895612\">\n  <figcaption style=\"display:block; text-align:center\">Sport<\/figcaption>\n<\/figure>\n<\/a>\n\n<a href=\"\/?cat=45\">\n<figure class=\"wp-block-image fo_kiskep size-full\"><img src=\"https:\/\/www.makoiertektar.hu\/wp-content\/uploads\/2022\/04\/5a5abe65-6bdc-4653-abe8-d9cbd29ad894.jpeg\" alt=\"\" class=\"wp-image-895612\">\n  <figcaption style=\"display:block; text-align:center\">Term\u00e9szeti k\u00f6rnyezet<\/figcaption>\n<\/figure>\n<\/a>\n<a href=\"\/?cat=47\">\n<figure class=\"wp-block-image fo_kiskep size-full\"><img src=\"https:\/\/www.makoiertektar.hu\/wp-content\/uploads\/2022\/04\/af40b771-769d-4b28-9193-c039af26289d.jpeg\" alt=\"\" class=\"wp-image-895612\">\n  <figcaption style=\"display:block; text-align:center\">Turizmus<\/figcaption>\n<\/figure>\n<\/a>\n <\/div>\n\n\n<div style=\"overflow: hidden; height: 1px;\"><a href=\"https:\/\/kredyt-chwilowka.pl\/\" data-wplink-edit=\"true\">pilna po\u017cyczka dla zad\u0142u\u017conych online<\/a><\/div>\n\n\n<p><\/p>\n","protected":false},"excerpt":{"rendered":"<p>B\u00d6NG\u00c9SZ\u00c9S&nbsp;A KATEG\u00d3RI\u00c1K K\u00d6Z\u00d6TT Agr\u00e1r-\u00e9s \u00c9lelmiszergazdas\u00e1g Eg\u00e9szs\u00e9g \u00e9s \u00e9letm\u00f3d \u00c9p\u00edtett k\u00f6rnyezet Ipari \u00e9s m\u0171szaki megold\u00e1sok Kultur\u00e1lis \u00f6r\u00f6ks\u00e9g Sport Term\u00e9szeti k\u00f6rnyezet Turizmus pilna po\u017cyczka dla zad\u0142u\u017conych online [&#8230;]<\/p>\n<p><a class=\"btn btn-secondary understrap-read-more-link\" href=\"https:\/\/www.makoiertektar.hu\/\">R\u00e9szletek<\/a><\/p>\n","protected":false},"author":1,"featured_media":0,"parent":0,"menu_order":0,"comment_status":"closed","ping_status":"closed","template":"page-templates\/fullwidthpage.php","meta":{"ngg_post_thumbnail":0},"_links":{"self":[{"href":"https:\/\/www.makoiertektar.hu\/index.php?rest_route=\/wp\/v2\/pages\/888988"}],"collection":[{"href":"https:\/\/www.makoiertektar.hu\/index.php?rest_route=\/wp\/v2\/pages"}],"about":[{"href":"https:\/\/www.makoiertektar.hu\/index.php?rest_route=\/wp\/v2\/types\/page"}],"author":[{"embeddable":true,"href":"https:\/\/www.makoiertektar.hu\/index.php?rest_route=\/wp\/v2\/users\/1"}],"replies":[{"embeddable":true,"href":"https:\/\/www.makoiertektar.hu\/index.php?rest_route=%2Fwp%2Fv2%2Fcomments&post=888988"}],"version-history":[{"count":54,"href":"https:\/\/www.makoiertektar.hu\/index.php?rest_route=\/wp\/v2\/pages\/888988\/revisions"}],"predecessor-version":[{"id":896023,"href":"https:\/\/www.makoiertektar.hu\/index.php?rest_route=\/wp\/v2\/pages\/888988\/revisions\/896023"}],"wp:attachment":[{"href":"https:\/\/www.makoiertektar.hu\/index.php?rest_route=%2Fwp%2Fv2%2Fmedia&parent=888988"}],"curies":[{"name":"wp","href":"https:\/\/api.w.org\/{rel}","templated":true}]}}